




{"id":96181,"date":"2023-07-21T00:00:00","date_gmt":"2023-07-20T22:00:00","guid":{"rendered":"https:\/\/staging.gbc.at\/web\/produkt\/bio-orgalong-213262\/"},"modified":"2026-04-29T18:43:35","modified_gmt":"2026-04-29T16:43:35","slug":"bio-orgalong-213262","status":"publish","type":"product","link":"https:\/\/gbc.at\/web\/online-katalog\/duengemittel\/profi-duengemittel\/bio-orgalong-213262\/","title":{"rendered":"Bio Orgalong"},"content":{"rendered":"<p>Manna Bio Orgalong ist ein ausgewogener organischer Langzeitd\u00fcnger mit bodenverbessernder Wirkung, der universell im Garten eingesetzt werden kann. Gem\u00fcse, Beeren, Obst, Zierpflanzen, Stauden und Geh\u00f6lze werden bedarfsgerecht mit allen notwendigen N\u00e4hrstoffen versorgt.<\/p>\n","protected":false},"excerpt":{"rendered":"<p>Manna Bio Orgalong ist ein ausgewogener organischer Langzeitd\u00fcnger mit bodenverbessernder Wirkung, der universell im Garten eingesetzt werden kann. Gem\u00fcse, Beeren, Obst, Zierpflanzen, Stauden und Geh\u00f6lze werden bedarfsgerecht mit allen notwendigen N\u00e4hrstoffen versorgt.<\/p>\n","protected":false},"featured_media":96182,"template":"","meta":{"_acf_changed":false,"_relevanssi_hide_post":"","_relevanssi_hide_content":"","_relevanssi_pin_for_all":"","_relevanssi_pin_keywords":"","_relevanssi_unpin_keywords":"","_relevanssi_related_keywords":"","_relevanssi_related_include_ids":"","_relevanssi_related_exclude_ids":"","_relevanssi_related_no_append":"","_relevanssi_related_not_related":"","_relevanssi_related_posts":"","_relevanssi_noindex_reason":"","powered_cache_disable_cache":false},"aktionskampagne":[],"katalog-produkte":[28987],"kaufbedingung":[],"lieferanten-brands":[18276],"produktempfehlungen":[],"produktsichtbarkeit_lager":[44,45,43,42],"saisonen":[],"product_brand":[],"product_cat":[168,460],"product_tag":[],"class_list":{"0":"post-96181","1":"product","2":"type-product","3":"status-publish","4":"has-post-thumbnail","6":"katalog-produkte-fachkatalog-baumschulen-galabau-2025","7":"lieferanten-brands-hauert-manna","8":"produktsichtbarkeit_lager-kalsdorf","9":"produktsichtbarkeit_lager-meiningen","10":"produktsichtbarkeit_lager-schwechat","11":"produktsichtbarkeit_lager-steinhaus","12":"product_cat-duengemittel","13":"product_cat-profi-duengemittel","14":"pa_gewicht-10-5kg","16":"first","17":"instock","18":"taxable","19":"shipping-taxable","20":"purchasable","21":"product-type-simple"},"acf":[],"_links":{"self":[{"href":"https:\/\/gbc.at\/web\/wp-json\/wp\/v2\/product\/96181","targetHints":{"allow":["GET"]}}],"collection":[{"href":"https:\/\/gbc.at\/web\/wp-json\/wp\/v2\/product"}],"about":[{"href":"https:\/\/gbc.at\/web\/wp-json\/wp\/v2\/types\/product"}],"wp:featuredmedia":[{"embeddable":true,"href":"https:\/\/gbc.at\/web\/wp-json\/wp\/v2\/media\/96182"}],"wp:attachment":[{"href":"https:\/\/gbc.at\/web\/wp-json\/wp\/v2\/media?parent=96181"}],"wp:term":[{"taxonomy":"aktionskampagne","embeddable":true,"href":"https:\/\/gbc.at\/web\/wp-json\/wp\/v2\/aktionskampagne?post=96181"},{"taxonomy":"katalog-produkte","embeddable":true,"href":"https:\/\/gbc.at\/web\/wp-json\/wp\/v2\/katalog-produkte?post=96181"},{"taxonomy":"kaufbedingung","embeddable":true,"href":"https:\/\/gbc.at\/web\/wp-json\/wp\/v2\/kaufbedingung?post=96181"},{"taxonomy":"lieferanten-brands","embeddable":true,"href":"https:\/\/gbc.at\/web\/wp-json\/wp\/v2\/lieferanten-brands?post=96181"},{"taxonomy":"produktempfehlungen","embeddable":true,"href":"https:\/\/gbc.at\/web\/wp-json\/wp\/v2\/produktempfehlungen?post=96181"},{"taxonomy":"produktsichtbarkeit_lager","embeddable":true,"href":"https:\/\/gbc.at\/web\/wp-json\/wp\/v2\/produktsichtbarkeit_lager?post=96181"},{"taxonomy":"saisonen","embeddable":true,"href":"https:\/\/gbc.at\/web\/wp-json\/wp\/v2\/saisonen?post=96181"},{"taxonomy":"product_brand","embeddable":true,"href":"https:\/\/gbc.at\/web\/wp-json\/wp\/v2\/product_brand?post=96181"},{"taxonomy":"product_cat","embeddable":true,"href":"https:\/\/gbc.at\/web\/wp-json\/wp\/v2\/product_cat?post=96181"},{"taxonomy":"product_tag","embeddable":true,"href":"https:\/\/gbc.at\/web\/wp-json\/wp\/v2\/product_tag?post=96181"}],"curies":[{"name":"wp","href":"https:\/\/api.w.org\/{rel}","templated":true}]}}